{"id":173,"date":"2024-06-22T03:49:56","date_gmt":"2024-06-22T03:49:56","guid":{"rendered":"http:\/\/fluffle-business.com\/?page_id=173"},"modified":"2024-06-22T04:29:07","modified_gmt":"2024-06-22T04:29:07","slug":"ger","status":"publish","type":"page","link":"https:\/\/fluffle-business.com\/","title":{"rendered":"Startseite"},"content":{"rendered":"\n<main class=\"wp-block-group alignfull is-layout-flow wp-container-core-group-is-layout-12 wp-block-group-is-layout-flow\" style=\"margin-top:0\">\n<div class=\"wp-block-group alignfull has-global-padding is-layout-constrained wp-block-group-is-layout-constrained\" style=\"padding-top:var(--wp--preset--spacing--50);padding-right:var(--wp--preset--spacing--50);padding-bottom:var(--wp--preset--spacing--50);padding-left:var(--wp--preset--spacing--50)\">\n<div class=\"wp-block-group has-global-padding is-layout-constrained wp-container-core-group-is-layout-1 wp-block-group-is-layout-constrained\">\n<h1 class=\"wp-block-heading has-text-align-center has-x-large-font-size\">Willkommen<\/h1>\n\n\n\n<div style=\"height:1.25rem\" aria-hidden=\"true\" class=\"wp-block-spacer\"><\/div>\n\n\n\n<p class=\"has-text-align-center\">Sch\u00f6n, dass du da bist. Gut schaust du aus. Falls du uns noch nicht kennst, hier stellen wir uns vor:<\/p>\n\n\n\n<div style=\"height:1.25rem\" aria-hidden=\"true\" class=\"wp-block-spacer\"><\/div>\n\n\n\n<div class=\"wp-block-buttons is-content-justification-center is-layout-flex wp-container-core-buttons-is-layout-1 wp-block-buttons-is-layout-flex\">\n<div class=\"wp-block-button\"><a class=\"wp-block-button__link wp-element-button\" href=\"https:\/\/fluffle-business.com\/index.php\/ger\/about-us\/\">About us<\/a><\/div>\n<\/div>\n<\/div>\n<\/div>\n\n\n\n<div class=\"wp-block-group alignfull has-base-2-background-color has-background has-global-padding is-layout-constrained wp-block-group-is-layout-constrained\" style=\"margin-top:0;margin-bottom:0;padding-top:var(--wp--preset--spacing--50);padding-right:var(--wp--preset--spacing--50);padding-bottom:var(--wp--preset--spacing--50);padding-left:var(--wp--preset--spacing--50)\">\n<div class=\"wp-block-group is-vertical is-content-justification-center is-layout-flex wp-container-core-group-is-layout-3 wp-block-group-is-layout-flex\">\n<h2 class=\"wp-block-heading has-text-align-center is-style-asterisk\">Warum Fluffle-Business?<\/h2>\n\n\n\n<div style=\"height:0px\" aria-hidden=\"true\" class=\"wp-block-spacer wp-container-content-1\"><\/div>\n\n\n\n<p class=\"has-text-align-center\">Wir sind zwei Freunde die ein paar Interessen teilen und die wir mit der Welt teilen wollen. Unsere Leidenschaft verbindet 2 Menschen und mit FluffleBusiness wollen wir noch viel mehr Menschen verbinden. Interessen die wir mit der Welt teilen wollen sind unter anderem:<\/p>\n<\/div>\n\n\n\n<div style=\"margin-top:0;margin-bottom:0;height:var(--wp--preset--spacing--40)\" aria-hidden=\"true\" class=\"wp-block-spacer\"><\/div>\n\n\n\n<div class=\"wp-block-columns alignwide is-layout-flex wp-container-core-columns-is-layout-1 wp-block-columns-is-layout-flex\">\n<div class=\"wp-block-column is-layout-flow wp-container-core-column-is-layout-1 wp-block-column-is-layout-flow\">\n<h3 class=\"wp-block-heading has-text-align-left is-style-asterisk has-body-font-family has-medium-font-size\" style=\"font-style:normal;font-weight:600\">Asien<\/h3>\n\n\n\n<p class=\"has-text-align-left\">Bezogen auf ostasiatische Kulturen, besch\u00e4ftigen wir uns Vornehmlich mit China, Korea und Japan.<\/p>\n<\/div>\n\n\n\n<div class=\"wp-block-column is-layout-flow wp-container-core-column-is-layout-2 wp-block-column-is-layout-flow\">\n<h3 class=\"wp-block-heading has-text-align-left is-style-asterisk has-body-font-family has-medium-font-size\" style=\"font-style:normal;font-weight:600\">Technologie, Wissenschaft und Science Fiction<\/h3>\n\n\n\n<p class=\"has-text-align-left\">Ob mechanische Meisterwerke wie Motoren, atemberaubende Algorithmen der AI, oder auch die philosophischen Implikationen zuk\u00fcnftiger technologischer Errungenschaften. Wir besch\u00e4ftigen uns damit.<\/p>\n<\/div>\n\n\n\n<div class=\"wp-block-column is-layout-flow wp-container-core-column-is-layout-3 wp-block-column-is-layout-flow\">\n<h3 class=\"wp-block-heading has-text-align-left is-style-asterisk has-body-font-family has-medium-font-size\" style=\"font-style:normal;font-weight:600\">Interaktive Entertainment<\/h3>\n\n\n\n<p class=\"has-text-align-left\">Da wir uns gerne mit der Community auseinandersetzen besch\u00e4ftigen wir uns auch mit den M\u00f6glichkeiten mit dieser zu interagieren.<\/p>\n<\/div>\n<\/div>\n\n\n\n<div style=\"height:var(--wp--preset--spacing--20)\" aria-hidden=\"true\" class=\"wp-block-spacer\"><\/div>\n\n\n\n<div class=\"wp-block-columns alignwide is-layout-flex wp-container-core-columns-is-layout-2 wp-block-columns-is-layout-flex\">\n<div class=\"wp-block-column is-layout-flow wp-container-core-column-is-layout-4 wp-block-column-is-layout-flow\">\n<h3 class=\"wp-block-heading has-text-align-left is-style-asterisk has-body-font-family has-medium-font-size\" style=\"font-style:normal;font-weight:600\">Lifestyle<\/h3>\n\n\n\n<p class=\"has-text-align-left\">Ob geistige oder k\u00f6rperliche Gesundheit, es sollte uns wichtig sein eine gute Lebensqualit\u00e4t durch einen gesunden Lebenstil zu erreichen.<\/p>\n<\/div>\n\n\n\n<div class=\"wp-block-column is-layout-flow wp-container-core-column-is-layout-5 wp-block-column-is-layout-flow\"><\/div>\n\n\n\n<div class=\"wp-block-column is-layout-flow wp-container-core-column-is-layout-6 wp-block-column-is-layout-flow\">\n<h3 class=\"wp-block-heading has-text-align-left is-style-asterisk has-body-font-family has-medium-font-size\" style=\"font-style:normal;font-weight:600\">Karate<\/h3>\n\n\n\n<p class=\"has-text-align-left\">Hier soll es um Griseos Leidenschaft gehen. W\u00e4hrend er 2 mal w\u00f6chentlich im Verein Trainiert, macht er sich auch in seiner Freizeit Gedanken dar\u00fcber. Hier erfahrt Ihr von seinen Recherchen.<\/p>\n<\/div>\n<\/div>\n<\/div>\n\n\n\n<div class=\"wp-block-group alignfull has-global-padding is-layout-constrained wp-block-group-is-layout-constrained\" style=\"margin-top:0;margin-bottom:0;padding-top:var(--wp--preset--spacing--50);padding-right:var(--wp--preset--spacing--50);padding-bottom:var(--wp--preset--spacing--50);padding-left:var(--wp--preset--spacing--50)\">\n<div class=\"wp-block-group alignwide has-global-padding is-layout-constrained wp-container-core-group-is-layout-6 wp-block-group-is-layout-constrained\">\n<div class=\"wp-block-group is-vertical is-content-justification-center is-layout-flex wp-container-core-group-is-layout-5 wp-block-group-is-layout-flex\">\n<h2 class=\"wp-block-heading has-text-align-center is-style-asterisk\">Warum &#8220;Fluffle-Business&#8221;?<\/h2>\n\n\n\n<p class=\"has-text-align-center\">Fluffle Business klingt wie eine \u00e4u\u00dferst merkw\u00fcrdige Kombination. Doch die Erkl\u00e4rung ist ganz einfach. Akane liebt (wie ihr auf unserer &#8220;About Us&#8221;-Seite nachlesen k\u00f6nnt) H\u00e4schen und Griseo liebt Frettchen. W\u00e4hrend eine Gruppe H\u00e4schen &#8220;Fluffle&#8221; genannt wird, wird eine Gruppe Frettchen &#8220;Business&#8221; genannt. So einfach ist das.<\/p>\n<\/div>\n\n\n\n<div style=\"height:var(--wp--preset--spacing--40)\" aria-hidden=\"true\" class=\"wp-block-spacer\"><\/div>\n\n\n\n<div class=\"wp-block-columns alignwide is-layout-flex wp-container-core-columns-is-layout-3 wp-block-columns-is-layout-flex\">\n<div class=\"wp-block-column is-vertically-aligned-center is-layout-flow wp-block-column-is-layout-flow\" style=\"flex-basis:40%\">\n<p>Akanes H\u00e4schen:<\/p>\n<\/div>\n\n\n\n<div class=\"wp-block-column is-layout-flow wp-block-column-is-layout-flow\" style=\"flex-basis:50%\">\n<p>Griseos Frettchen:<\/p>\n<\/div>\n<\/div>\n\n\n\n<div style=\"height:var(--wp--preset--spacing--40)\" aria-hidden=\"true\" class=\"wp-block-spacer\"><\/div>\n\n\n\n<div class=\"wp-block-columns alignwide is-layout-flex wp-container-core-columns-is-layout-4 wp-block-columns-is-layout-flex\">\n<div class=\"wp-block-column is-layout-flow wp-block-column-is-layout-flow\" style=\"flex-basis:50%\">\n<figure class=\"wp-block-image size-full\"><img loading=\"lazy\" decoding=\"async\" width=\"807\" height=\"590\" src=\"https:\/\/fluffle-business.com\/wp-content\/uploads\/2024\/05\/IMG_20230328_033132.jpg\" alt=\"\" class=\"wp-image-143\" srcset=\"https:\/\/fluffle-business.com\/wp-content\\uploads\/2024\/05\/IMG_20230328_033132.jpg 807w, https:\/\/fluffle-business.com\/wp-content\\uploads\/2024\/05\/IMG_20230328_033132-300x219.jpg 300w, https:\/\/fluffle-business.com\/wp-content\\uploads\/2024\/05\/IMG_20230328_033132-768x561.jpg 768w\" sizes=\"(max-width: 807px) 100vw, 807px\" \/><\/figure>\n<\/div>\n\n\n\n<div class=\"wp-block-column is-layout-flow wp-block-column-is-layout-flow\" style=\"flex-basis:50%\">\n<figure class=\"wp-block-image size-full\"><img loading=\"lazy\" decoding=\"async\" width=\"720\" height=\"540\" src=\"https:\/\/fluffle-business.com\/wp-content\/uploads\/2024\/06\/Frettchen.jpg\" alt=\"\" class=\"wp-image-164\" style=\"object-fit:cover\" srcset=\"https:\/\/fluffle-business.com\/wp-content\\uploads\/2024\/06\/Frettchen.jpg 720w, https:\/\/fluffle-business.com\/wp-content\\uploads\/2024\/06\/Frettchen-300x225.jpg 300w\" sizes=\"(max-width: 720px) 100vw, 720px\" \/><\/figure>\n<\/div>\n<\/div>\n<\/div>\n<\/div>\n\n\n\n<div class=\"wp-block-group alignfull has-base-color has-contrast-background-color has-text-color has-background has-global-padding is-layout-constrained wp-block-group-is-layout-constrained\" style=\"margin-top:0;margin-bottom:0;padding-top:var(--wp--preset--spacing--60);padding-right:var(--wp--preset--spacing--60);padding-bottom:var(--wp--preset--spacing--60);padding-left:var(--wp--preset--spacing--60)\">\n<div class=\"wp-block-group has-global-padding is-layout-constrained wp-block-group-is-layout-constrained\">\n<p class=\"has-text-align-center has-base-color has-text-color has-heading-font-family has-x-large-font-size\" style=\"line-height:1.2\"><em>\u201cWissen, was man wei\u00df, und wissen, was man nicht wei\u00df, das ist wahres Wissen.\u201d &#8211; Konfuzius<\/em><\/p>\n\n\n\n<div style=\"height:var(--wp--preset--spacing--10)\" aria-hidden=\"true\" class=\"wp-block-spacer\"><\/div>\n<\/div>\n<\/div>\n\n\n\n<div class=\"wp-block-group alignfull has-global-padding is-layout-constrained wp-block-group-is-layout-constrained\" style=\"margin-top:0;margin-bottom:0;padding-top:var(--wp--preset--spacing--50);padding-right:var(--wp--preset--spacing--50);padding-bottom:var(--wp--preset--spacing--50);padding-left:var(--wp--preset--spacing--50)\">\n<h2 class=\"wp-block-heading alignwide has-x-large-font-size\" style=\"margin-top:0;margin-bottom:var(--wp--preset--spacing--40);line-height:1\">Unsere neuesten Artikel<\/h2>\n\n\n\n<div class=\"wp-block-group alignwide has-global-padding is-layout-constrained wp-block-group-is-layout-constrained\">\n<div class=\"wp-block-query alignwide is-layout-flow wp-block-query-is-layout-flow\">\n\n\n<div style=\"height:var(--wp--preset--spacing--30)\" aria-hidden=\"true\" class=\"wp-block-spacer\"><\/div>\n\n\n<\/div>\n<\/div>\n<\/div>\n<\/main>\n","protected":false},"excerpt":{"rendered":"<p>Willkommen Sch\u00f6n, dass du da bist. Gut schaust du aus. Falls du uns noch nicht kennst, hier stellen wir uns vor: Warum Fluffle-Business? Wir sind zwei Freunde die ein paar Interessen teilen und die wir mit der Welt teilen wollen. Unsere Leidenschaft verbindet 2 Menschen und mit FluffleBusiness wollen wir noch viel mehr Menschen verbinden. [&hellip;]<\/p>\n","protected":false},"author":1,"featured_media":0,"parent":0,"menu_order":0,"comment_status":"closed","ping_status":"closed","template":"","meta":{"footnotes":""},"_links":{"self":[{"href":"https:\/\/fluffle-business.com\/index.php\/wp-json\/wp\/v2\/pages\/173"}],"collection":[{"href":"https:\/\/fluffle-business.com\/index.php\/wp-json\/wp\/v2\/pages"}],"about":[{"href":"https:\/\/fluffle-business.com\/index.php\/wp-json\/wp\/v2\/types\/page"}],"author":[{"embeddable":true,"href":"https:\/\/fluffle-business.com\/index.php\/wp-json\/wp\/v2\/users\/1"}],"replies":[{"embeddable":true,"href":"https:\/\/fluffle-business.com\/index.php\/wp-json\/wp\/v2\/comments?post=173"}],"version-history":[{"count":3,"href":"https:\/\/fluffle-business.com\/index.php\/wp-json\/wp\/v2\/pages\/173\/revisions"}],"predecessor-version":[{"id":193,"href":"https:\/\/fluffle-business.com\/index.php\/wp-json\/wp\/v2\/pages\/173\/revisions\/193"}],"wp:attachment":[{"href":"https:\/\/fluffle-business.com\/index.php\/wp-json\/wp\/v2\/media?parent=173"}],"curies":[{"name":"wp","href":"https:\/\/api.w.org\/{rel}","templated":true}]}}